Suppose -d = -4*m - 2*v, -2*v = 5*m + 3*v - 355. List the prime factors of m.
2, 5, 7
Let h(f) = 6*f - 13. Let d be h(3). Suppose 0 = -4*y + 5*z + 268, 0 = -d*y + z + 2*z + 348. What are the prime factors of y?
2, 3
Let i(j) = 149*j**2 - 9*j + 56. List the prime factors of i(5).
2, 467
Let a = -777 - -5025. List the prime factors of a.
2, 3, 59
Suppose 3*h - 9 = -k, 0 = -2*k - 0*k - 4*h + 8. Let v be (-1)/((k/(-15))/(-2)). Suppose 0 = v*u + 1 - 16. List the prime factors of u.
3
Suppose 0 = 2*v + 697 - 1999. Let b be 24/16 + v/6. Suppose 0 = -5*w + 2*t + 3*t + 125, -t = 4*w - b. What are the prime factors of w?
3
Let g(n) = -n**2 + 5*n + 79. Let d be g(-7). Suppose 5*x = 158 + 107. Let m = x + d. List the prime factors of m.
2, 3
What are the prime factors of 9/21 - (-2 + (-10323)/21)?
2, 13, 19
Suppose 0 = -99*m + 98*m + 4*a + 3590, 4*a - 14360 = -4*m. What are the prime factors of m?
2, 5, 359
Suppose 4*p - 9*p = -70. Suppose -p*i + 545 = -9*i. List the prime factors of i.
109
Suppose -301*t = -298*t + 276. Suppose 5*x = 3*y - 191, -2*x - 150 = 2*x - y. Let u = x - t. What are the prime factors of u?
5, 11
Suppose 0 = 2*c + 3*x - 13, -5*c + 16 = -0*c + 2*x. Suppose 3*a - 13 = c. Suppose a*j - 2*j = 12. List the prime factors of j.
2
List the prime factors of (9412/78)/(6/27).
3, 181
Let w = -23 - -9. Let c(p) = p**2 + 15*p + 17. Let y be c(w). Let s = y - 1. List the prime factors of s.
2
Suppose 19*i = 13*i + 276. List the prime factors of i.
2, 23
Let l(i) = -2*i**2 + 5*i + 5. Let k be l(3). Suppose -4*f = -3*m - 8*f + 202, k*f - 194 = -3*m. List the prime factors of m.
2, 31
Let c(i) = 14*i - 5. Let t(q) = -q. Let k(u) = -2*c(u) - 10*t(u). Let v be k(-5). Suppose 3*w - v = -13. List the prime factors of w.
29
Suppose 2*h = -2*m + 2590, 5*m + 56 = 71. What are the prime factors of h?
2, 17, 19
Let w be (-11)/3 + (-40)/(-60). Let z(k) = -k**3 - 2*k**2 + 2*k + 1. Let l be z(w). Suppose 384 = 2*p + l*p. What are the prime factors of p?
2
Let g(i) = 12*i + 280. What are the prime factors of g(-11)?
2, 37
Suppose 0 = -p - 7*h + 3*h + 5, 0 = -3*p + 3*h. Suppose p = -k, -2*k + k + 64 = r. List the prime factors of r.
5, 13
Let d be -55 - ((-7)/((-28)/(-8)) + -1). Let b = 95 + d. List the prime factors of b.
43
Let t(z) be the first derivative of -5*z - z**3 + 1/4*z**4 - 6 + z**2. List the prime factors of t(4).
19
Suppose -21*f + 2*f + 6479 = 0. List the prime factors of f.
11, 31
Suppose 0*g - 1740 = -4*g. Suppose 0*o = -3*o + g. List the prime factors of o.
5, 29
Let a(h) = 67*h + 18. Let b be a(17). Suppose -7*g + 247 = b. List the prime factors of 3*(-2 - g/6).
59
Let g = -253 - -287. List the prime factors of g.
2, 17
Let l = -1061 - -2518. What are the prime factors of l?
31, 47
Let o(b) = -b**2 + 4*b + 3. Suppose -2*n + 5*v = -25, -n - 2*n + 4*v = -27. Suppose n*m - 11 - 9 = 0. What are the prime factors of o(m)?
3
Let c(f) = -4*f + 6. Let p be c(9). Let v = 99 + p. What are the prime factors of v?
3, 23
Let a = 15269 + -10783. What are the prime factors of a?
2, 2243
Suppose -2*r + 5*m + 276 + 4112 = 0, 5*r = -5*m + 10970. What are the prime factors of r?
2, 1097
Let t(f) = f**3 + 12*f**2 + f + 12. Let g be t(-12). Suppose g = n - 2*n + 37. What are the prime factors of n?
37
Let t(v) = -152*v + 47. What are the prime factors of t(-5)?
3, 269
Let t(d) be the first derivative of -d**2/2 + d + 2. Let j be t(4). List the prime factors of (j - (-36)/8)*24.
2, 3
Suppose -84*n + 190231 = -33965. What are the prime factors of n?
17, 157
Suppose 0 = -3*m - 3*b + 1307 + 14797, -5*b = -2*m + 10722. List the prime factors of m.
2, 2683
Let l = -33 + 23. Let t(r) = -r**2 - 14*r + 13. Let w be t(l). Suppose 2 = c - w. List the prime factors of c.
5, 11
Let x be (1 - 3)/((-28)/16282). Suppose 5*p - 5*u = 1300, -4*p - 3*u = 144 - x. What are the prime factors of p?
257
Let s(j) = 6*j + 8. Let w be s(6). Suppose -4*m + 152 = -44. Suppose -3*v - m = -3*o - 4*v, 2*o = 5*v + w. What are the prime factors of o?
17
Let l(f) = -f - 13. Let v be l(7). Let t(p) = -6*p - 24. List the prime factors of t(v).
2, 3
Let n = 1368 - 826. List the prime factors of n.
2, 271
Let u = -49 + 105. Let j = -40 + u. What are the prime factors of j?
2
Let w(t) = t**3 - 15*t**2 + t - 15. Let k be w(15). Let u be (-16)/(-6) + (-2)/3. Suppose u*d - d - 30 = k. What are the prime factors of d?
2, 3, 5
Let q(i) = 1 + 3*i + 0*i - 5*i + i. Let m be q(1). Suppose m = -4*j - j + 4*l + 64, 0 = 3*j - l - 44. List the prime factors of j.
2
Suppose -59*p + 35229 + 79821 = 0. List the prime factors of p.
2, 3, 5, 13
Let y be 4/14 + 99/21. Suppose -2*u + 42 = -4*a, -u - y*a = -0*a + 14. List the prime factors of u.
11
Let g = -659 + 1558. List the prime factors of g.
29, 31
Suppose -w - 4*f = -1 - 1, 5*f + 5 = -2*w. Let v = w - -23. List the prime factors of -2 + v - (1 - 1).
11
Let d = -40 + 33. Let u(m) = -7*m - 17. List the prime factors of u(d).
2
Let d = 1 - 1. Suppose 2*c + c - 33 = d. What are the prime factors of 4/22 - (-152)/c?
2, 7
Suppose 36 = z + 2*i - 4*i, -4*i = 4*z - 144. List the prime factors of z.
2, 3
Let z = 7 + -4. Suppose -z*f + 94 = 2*k, 2*k = 5*f + 109 + 1. List the prime factors of k.
2, 5
Suppose 2*r + 4 = 0, 0 = 3*d - d + 2*r - 154. Suppose 0 = -5*s + v + 243, -4*s - 5*v + 177 = -0*v. Let z = d - s. What are the prime factors of z?
31
Let y(a) = a**3 + 9*a**2 - 10*a - 12. Let l = -93 + 85. What are the prime factors of y(l)?
2, 3, 11
Let y(l) = -12*l - 61. Let a be y(-6). Let b(v) = v**3 - 8*v**2 - 20*v + 21. List the prime factors of b(a).
2, 41
Let g(k) = -5*k - 13. Let a be g(-9). Suppose -a - 3 = -5*y. Let z = 9 + y. What are the prime factors of z?
2
Let o(f) = f**3 - f**2 + 2*f + 8. Let r be o(0). What are the prime factors of 2/r - (-283)/4?
71
List the prime factors of (-714)/63*(-78)/4.
13, 17
Suppose 10 + 2 = 4*b. Let o be (1/(-1))/(b/438). List the prime factors of (-8)/12 + o/(-3).
2, 3
Let f be 0 + (-10)/(-2) + -1. Let l be (f/10)/((-1)/(-5)). Suppose -7*s + 15 = -l*s, -5*c + 263 = s. What are the prime factors of c?
2, 13
Let m(c) = c**2 - 9. Let s be m(-3). Suppose 3*u = -3*h + 216, -5*h - 15 = -s*h. List the prime factors of u.
3, 5
Let d = -9 - -9. Suppose 9*q - 1735 + 205 = d. What are the prime factors of q?
2, 5, 17
Let a = 24 - 8. Let g be ((-36)/a)/(3/(-8)). Suppose 5*w - 2*u - 90 = 0, w - 4 - g = 2*u. List the prime factors of w.
2, 5
Let c be (-2)/(-4) + (-75)/(-30). Suppose -4*b + c = -5*t, 2 = t + 1. List the prime factors of 252/(-2)*(-1)/b.
3, 7
Let z be (8/(-16))/(1/650*-1). Suppose -5*j = 4*v - z, 4*v + 3*j = 7*j + 352. What are the prime factors of v?
5, 17
Let d(l) = 27*l - 53. List the prime factors of d(18).
433
Let k = -15 - -10. Let s = -3 - k. Suppose -s*p + 2 = 10, -3*t - p + 38 = 0. What are the prime factors of t?
2, 7
Let f(t) = -t**3 - 12*t**2 - 8*t - 8. Let j be f(-11). Let o = j + 1. List the prime factors of (o/12)/(2/(-33)).
5, 11
Suppose 27*o - 1864 = 26*o. What are the prime factors of o?
2, 233
Let o = 294 - 61. List the prime factors of o.
233
Let m(s) = -s**2 + s + 1. Let c(n) = n**3 + 6*n**2 + 3*n - 5. Let j(b) = -c(b) - 2*m(b). Let y be j(-5). Let q = 76 - y. List the prime factors of q.
23
Let r(k) = 3*k + 8. Let z be r(-5). Let t be 2/z - (-308)/49. Suppose y - i - 12 = -t*i, 0 = -2*y - 4*i + 30. List the prime factors of y.
17
Let s(k) = -2*k**2 + 16*k + 16. What are the prime factors of s(6)?
2, 5
Suppose 0 = -12*s + 7*s. Suppose -w - 7 + 23 = s. Suppose 2*v = w + 78. List the prime factors of v.
47
What are the prime factors of -3 + 5 + -7 - (-1660 + 58)?
1597
Let d(g) = -2 + g**3 + 1 - 14*g**2 + 19*g + g**2 + 3. List the prime factors of d(13).
3, 83
Let m(p) be the second derivative of p**6/360 + p**5/40 - 2*p**4/3 - p**3 - 6*p. Let r(u) be the second derivative of m(u). What are the prime factors of r(-7)?
2, 3
Let j(v) = 1 + 6*v**2 - 5*v**2 + 2 - 4*v. Let z be j(4). Suppose -6*c = 5*a - c - 100, -102 = -5*a - z*c. What are the prime factors of a?
3, 7
Suppose n = 1 - 2, n = b - 5. List the prime factors of 20/b*(10 + -2).
2, 5
Let r = 50 + -47. Suppose 3*p = 5*b - 123, 77 = r*b - 2*p + 4. List the prime factors of b.
3
Let g(i) = 38*i**2 - 4*i + 12. What are the prime factors of g(-5)?
2, 491
Let a(n